{"id":2156,"date":"2015-10-02T19:17:04","date_gmt":"2015-10-02T19:17:04","guid":{"rendered":"http:\/\/www.jasmingundermann.de\/?page_id=2156"},"modified":"2022-02-24T11:08:46","modified_gmt":"2022-02-24T09:08:46","slug":"bands","status":"publish","type":"page","link":"https:\/\/www.jasmingundermann.de\/index.php\/bands\/","title":{"rendered":"Bands"},"content":{"rendered":"<div class=\"wpb-content-wrapper\"><p>[vc_row iron_row_type=&#8221;in_container&#8221; iron_remove_padding_medium=&#8221;&#8221; iron_remove_padding_small=&#8221;&#8221; iron_overlay_pattern=&#8221;&#8221; iron_parallax=&#8221;&#8221; iron_bg_video=&#8221;&#8221;][vc_column width=&#8221;1\/2&#8243;][vc_single_image image=&#8221;2947&#8243; img_size=&#8221;large&#8221;][\/vc_column][vc_column width=&#8221;1\/2&#8243;][vc_column_text]<\/p>\n<hr \/>\n<h2>Duo mit Fabricio Cavalcante<\/h2>\n<p>Stilvoll, virtuos, leidenschaftlich oder zart&#8230;Das Duo Gundermann- Cavalcante bietet ein gro\u00dfes Repertoire von Jazz \u00fcber Pop bis hin zu Latin und Klassik. Jasmin Gundermann (Saxofon, Querfl\u00f6te) und Fabricio Cavalcante (akustische Gitarre) sind begeisterte Musiker mit gro\u00dfem Erfahrungsschatz und Einf\u00fchlungsverm\u00f6gen. Ob dynamische klassische Musik, beschwingte Jazz-Standards, oder groovige Soul- und Popnummern\u2013 die beiden Profi-Musiker f\u00fchlen sich in vielen Genres zu Hause und schaffen mit Ihrer Musik eine Atmosph\u00e4re, die Ihr Publikum verzaubert.<\/p>\n<p><a href=\"http:\/\/fabriciocavalcante.com\/\" target=\"_blank\" rel=\"noopener noreferrer\">Fabricio Cavalcante<\/a><\/p>\n<p><a href=\"https:\/\/www.youtube.com\/watch?v=VveBtfYRfvk\" target=\"_blank\" rel=\"noopener noreferrer\">Video<\/a><br \/>\n[\/vc_column_text][\/vc_column][\/vc_row][vc_row iron_row_type=&#8221;in_container&#8221; iron_remove_padding_medium=&#8221;&#8221; iron_remove_padding_small=&#8221;&#8221; iron_overlay_pattern=&#8221;&#8221; iron_parallax=&#8221;&#8221; iron_bg_video=&#8221;&#8221;][vc_column][vc_icon color=&#8221;black&#8221;][\/vc_column][\/vc_row][vc_row iron_row_type=&#8221;in_container&#8221; iron_remove_padding_medium=&#8221;&#8221; iron_remove_padding_small=&#8221;&#8221; iron_overlay_pattern=&#8221;&#8221; iron_parallax=&#8221;&#8221; iron_bg_video=&#8221;&#8221;][vc_column width=&#8221;1\/2&#8243;][vc_single_image image=&#8221;3052&#8243; img_size=&#8221;large&#8221;][\/vc_column][vc_column width=&#8221;1\/2&#8243;][vc_column_text]<\/p>\n<hr \/>\n<h2>Kolocando<\/h2>\n<p>Die sechsk\u00f6pfige Band aus M\u00fcnchen spielt mit viel Leidenschaft ein gro\u00dfes Repertoire lateinamerikanischer Klassiker bis hin zu aktuellen Hits. Auch Eigenkompositionen und Klassiker der Popmusik, neu arrangiert in lateinamerikanischen Rhythmen, befinden sich auf ihrer Repertoireliste. Kolocando bietet eine Vielfalt lateinamerikanischer Kl\u00e4nge und Rhythmen: Ruhige Boleros, bewegte Bachatas, groovige Cumbias, fetzige Merengue und viele weitere Stile aus S\u00fcd- und Mittelamerika.<\/p>\n<p><a href=\"https:\/\/www.youtube.com\/watch?v=c2WrhBcR8ws\" target=\"_blank\" rel=\"noopener noreferrer\">Video<\/a><br \/>\n[\/vc_column_text][\/vc_column][\/vc_row][vc_row iron_row_type=&#8221;in_container&#8221; iron_remove_padding_medium=&#8221;&#8221; iron_remove_padding_small=&#8221;&#8221; iron_overlay_pattern=&#8221;&#8221; iron_parallax=&#8221;&#8221; iron_bg_video=&#8221;&#8221;][vc_column][vc_icon color=&#8221;black&#8221;][\/vc_column][\/vc_row][vc_row iron_row_type=&#8221;in_container&#8221; iron_remove_padding_medium=&#8221;&#8221; iron_remove_padding_small=&#8221;&#8221; iron_overlay_pattern=&#8221;&#8221; iron_parallax=&#8221;&#8221; iron_bg_video=&#8221;&#8221;][vc_column width=&#8221;1\/2&#8243;][vc_single_image image=&#8221;2476&#8243; img_size=&#8221;large&#8221;][\/vc_column][vc_column width=&#8221;1\/2&#8243;][vc_column_text]<\/p>\n<hr \/>\n<h2>Kesses Blech<\/h2>\n<p>Anja Bernhard an der Trompete und Jasmin Gundermann spielen Musik aus aller Welt in verschiedenen Stilrichtungen: Jazz, lateinamerikanische Musik, Musik vom Balkan, Bayrisches, Popmusik, Schlager&#8230; Hauptsache es groovt! Improvisation ist uns wichtig. So werden auch bekannte St\u00fccke immer wieder auf\u00b4s Neue spannend.<\/p>\n<p><a href=\"http:\/\/www.facebook.com\/Kesses-Blech-163407077161198\" target=\"_blank\" rel=\"noopener noreferrer\">Kesses Blech<\/a><\/p>\n<p><a href=\"https:\/\/www.youtube.com\/watch?v=0m4CQsX8_3w\" target=\"_blank\" rel=\"noopener noreferrer\">Video<\/a><br \/>\n[\/vc_column_text][\/vc_column][\/vc_row][vc_row iron_row_type=&#8221;in_container&#8221; iron_remove_padding_medium=&#8221;&#8221; iron_remove_padding_small=&#8221;&#8221; iron_overlay_pattern=&#8221;&#8221; iron_parallax=&#8221;&#8221; iron_bg_video=&#8221;&#8221;][vc_column][vc_icon color=&#8221;black&#8221;][\/vc_column][\/vc_row][vc_row iron_row_type=&#8221;in_container&#8221; iron_remove_padding_medium=&#8221;&#8221; iron_remove_padding_small=&#8221;&#8221; iron_overlay_pattern=&#8221;&#8221; iron_parallax=&#8221;&#8221; iron_bg_video=&#8221;&#8221;][vc_column width=&#8221;1\/2&#8243;][vc_single_image image=&#8221;2042&#8243; img_size=&#8221;large&#8221;][\/vc_column][vc_column width=&#8221;1\/2&#8243;][vc_column_text]<\/p>\n<hr \/>\n<h2>Balkanauten<\/h2>\n<p>Die Balkanauten sind eine Balkanband aus M\u00fcnchen, spielw\u00fctig, lebenslustig und f\u00fcr jeden Spass zu haben!<\/p>\n<p><a href=\"http:\/\/balkanauten.com\/home\/\" target=\"_blank\" rel=\"noopener noreferrer\">Balkanauten<\/a><\/p>\n<p><a href=\"http:\/\/www.jasmingundermann.de\/index.php\/2015\/12\/03\/balkanauten-im-ampere-2\/\" target=\"_blank\" rel=\"noopener noreferrer\">Video<\/a><br \/>\n[\/vc_column_text][\/vc_column][\/vc_row][vc_row iron_row_type=&#8221;in_container&#8221; iron_remove_padding_medium=&#8221;&#8221; iron_remove_padding_small=&#8221;&#8221; iron_overlay_pattern=&#8221;&#8221; iron_parallax=&#8221;&#8221; iron_bg_video=&#8221;&#8221;][vc_column][vc_icon color=&#8221;black&#8221;][\/vc_column][\/vc_row][vc_row iron_row_type=&#8221;in_container&#8221; iron_remove_padding_medium=&#8221;&#8221; iron_remove_padding_small=&#8221;&#8221; iron_overlay_pattern=&#8221;&#8221; iron_parallax=&#8221;&#8221; iron_bg_video=&#8221;&#8221;][vc_column width=&#8221;1\/2&#8243;][vc_single_image image=&#8221;2106&#8243; img_size=&#8221;large&#8221;][\/vc_column][vc_column width=&#8221;1\/2&#8243;][vc_column_text]<\/p>\n<hr \/>\n<h2>Monika Roscher Big Band<\/h2>\n<p>&#8220;Ein irrwitziger Stilmix aus Indie, Jazz, Punk, Rock und Pop-Psychedelia&#8221;<\/p>\n<p><a href=\"http:\/\/www.monikaroscher.com\/\" target=\"_blank\" rel=\"noopener noreferrer\">Monika Roscher Big Band<\/a><\/p>\n<p><a href=\"https:\/\/www.youtube.com\/watch?v=lTWnGoD95GM\" target=\"_blank\" rel=\"noopener noreferrer\">Video<\/a><br \/>\n[\/vc_column_text][\/vc_column][\/vc_row][vc_row iron_row_type=&#8221;in_container&#8221; iron_remove_padding_medium=&#8221;&#8221; iron_remove_padding_small=&#8221;&#8221; iron_overlay_pattern=&#8221;&#8221; iron_parallax=&#8221;&#8221; iron_bg_video=&#8221;&#8221;][vc_column][vc_icon color=&#8221;black&#8221;][\/vc_column][\/vc_row][vc_row iron_row_type=&#8221;in_container&#8221; iron_remove_padding_medium=&#8221;&#8221; iron_remove_padding_small=&#8221;&#8221; iron_overlay_pattern=&#8221;&#8221; iron_parallax=&#8221;&#8221; iron_bg_video=&#8221;&#8221;][vc_column width=&#8221;1\/2&#8243;][vc_single_image image=&#8221;2189&#8243; img_size=&#8221;large&#8221;][\/vc_column][vc_column width=&#8221;1\/2&#8243;][vc_column_text]<\/p>\n<hr \/>\n<h2>Duo mit Cornelia Malecki<\/h2>\n<p>Die klassische Pianistin Cornelia Malecki und Jasmin Gundermann spielen ein buntes Programm aus klassischen Werken, Weltmusik und Eigenkompositionen.<\/p>\n<p><a href=\"https:\/\/cm-piano-music.com\/cornelia-malecki-pianistin\/\" target=\"_blank\" rel=\"noopener noreferrer\">Cornelia Malecki<\/a><\/p>\n<p><a href=\"https:\/\/www.youtube.com\/watch?v=rirYPGMrcV8\" target=\"_blank\" rel=\"noopener noreferrer\">Video<\/a><\/p>\n<p>[\/vc_column_text][\/vc_column][\/vc_row][vc_row iron_row_type=&#8221;in_container&#8221; iron_remove_padding_medium=&#8221;&#8221; iron_remove_padding_small=&#8221;&#8221; iron_overlay_pattern=&#8221;&#8221; iron_parallax=&#8221;&#8221; iron_bg_video=&#8221;&#8221;][vc_column][vc_icon color=&#8221;black&#8221;][\/vc_column][\/vc_row]<\/p>\n<\/div>","protected":false},"excerpt":{"rendered":"<p>[vc_row iron_row_type=&#8221;in_container&#8221; iron_remove_padding_medium=&#8221;&#8221; iron_remove_padding_small=&#8221;&#8221; iron_overlay_pattern=&#8221;&#8221; iron_parallax=&#8221;&#8221; iron_bg_video=&#8221;&#8221;][vc_column width=&#8221;1\/2&#8243;][vc_single_image image=&#8221;2947&#8243; img_size=&#8221;large&#8221;][\/vc_column][vc_column width=&#8221;1\/2&#8243;][vc_column_text] Duo mit Fabricio Cavalcante Stilvoll, virtuos, leidenschaftlich oder zart&#8230;Das [&hellip;]<\/p>\n","protected":false},"author":1,"featured_media":0,"parent":0,"menu_order":0,"comment_status":"closed","ping_status":"closed","template":"","meta":{"_acf_changed":false,"footnotes":""},"class_list":["post-2156","page","type-page","status-publish","hentry"],"acf":[],"_links":{"self":[{"href":"https:\/\/www.jasmingundermann.de\/index.php\/wp-json\/wp\/v2\/pages\/2156","targetHints":{"allow":["GET"]}}],"collection":[{"href":"https:\/\/www.jasmingundermann.de\/index.php\/wp-json\/wp\/v2\/pages"}],"about":[{"href":"https:\/\/www.jasmingundermann.de\/index.php\/wp-json\/wp\/v2\/types\/page"}],"author":[{"embeddable":true,"href":"https:\/\/www.jasmingundermann.de\/index.php\/wp-json\/wp\/v2\/users\/1"}],"replies":[{"embeddable":true,"href":"https:\/\/www.jasmingundermann.de\/index.php\/wp-json\/wp\/v2\/comments?post=2156"}],"version-history":[{"count":75,"href":"https:\/\/www.jasmingundermann.de\/index.php\/wp-json\/wp\/v2\/pages\/2156\/revisions"}],"predecessor-version":[{"id":3055,"href":"https:\/\/www.jasmingundermann.de\/index.php\/wp-json\/wp\/v2\/pages\/2156\/revisions\/3055"}],"wp:attachment":[{"href":"https:\/\/www.jasmingundermann.de\/index.php\/wp-json\/wp\/v2\/media?parent=2156"}],"curies":[{"name":"wp","href":"https:\/\/api.w.org\/{rel}","templated":true}]}}