{"id":2261,"date":"2015-10-12T13:31:13","date_gmt":"2015-10-12T13:31:13","guid":{"rendered":"http:\/\/www.jasmingundermann.de\/index.php\/biography-2\/"},"modified":"2020-12-14T15:57:41","modified_gmt":"2020-12-14T13:57:41","slug":"booking-2","status":"publish","type":"page","link":"https:\/\/www.jasmingundermann.de\/index.php\/booking-2\/","title":{"rendered":"Booking"},"content":{"rendered":"<div class=\"wpb-content-wrapper\"><p>[vc_row iron_row_type=&#8221;in_container&#8221; iron_remove_padding_medium=&#8221;&#8221; iron_remove_padding_small=&#8221;&#8221; iron_overlay_pattern=&#8221;&#8221; iron_parallax=&#8221;&#8221; iron_bg_video=&#8221;&#8221;][vc_column][vc_single_image image=&#8221;2991&#8243; img_size=&#8221;1144&#215;400&#8243; alignment=&#8221;center&#8221;][\/vc_column][\/vc_row][vc_row iron_row_type=&#8221;in_container&#8221; iron_remove_padding_medium=&#8221;&#8221; iron_remove_padding_small=&#8221;&#8221; iron_overlay_pattern=&#8221;&#8221; iron_parallax=&#8221;&#8221; iron_bg_video=&#8221;&#8221; css=&#8221;.vc_custom_1414093583822{padding-bottom: 10px !important;}&#8221;][vc_column][vc_column_text]<\/p>\n<h4 style=\"text-align: center;\">Buchen Sie mich<\/h4>\n<p>[\/vc_column_text][\/vc_column][\/vc_row][vc_row iron_row_type=&#8221;in_container&#8221; iron_remove_padding_medium=&#8221;&#8221; iron_remove_padding_small=&#8221;&#8221; iron_overlay_pattern=&#8221;&#8221; iron_parallax=&#8221;&#8221; iron_bg_video=&#8221;&#8221; css=&#8221;.vc_custom_1414089523559{padding-bottom: 70px !important;}&#8221;][vc_column][vc_column_text]Ich freue mich, dass Sie mich als Musikerin engagieren wollen.<\/p>\n<p>Sie k\u00f6nnen mich mit einem meiner festen Bandprojekte buchen, oder ich stelle Ihnen nach Ihren W\u00fcnschen eine individuelle Besetzung zusammen.<br \/>\nF\u00fcr Hintergrundmusik empfehle ich ein Duo mit Saxofon und Gitarre oder Klavier. Eine solche Besetzung kann durch zus\u00e4tzliche Instrumente oder Gesang erweitert werden. Wenn die Musik etwas pr\u00e4senter sein soll, dann empfehle ich, ein Schlagzeug hinzuzunehmen.<\/p>\n<p>Haben Sie Fragen? F\u00fcr eine individuelle Beratung stehe ich Ihnen gerne zur Verf\u00fcgung.<\/p>\n<p>Ich freue mich auf Ihre Anfrage.<\/p>\n<p>&nbsp;<\/p>\n<p style=\"text-align: center;\"><strong>fest<\/strong> <a href=\"tel:+498920349491\">+ 49 89 203 494 91<\/a><\/p>\n<p style=\"text-align: center;\"><strong>mobil<\/strong> <a href=\"tel:+4917624710935\">+ 49 176 247 109 35<\/a><\/p>\n<p style=\"text-align: center;\"><strong>e-mail<\/strong> <a href=\"mailto:booking@jasmingundermann.de\">booking@jasmingundermann.de<\/a><\/p>\n<p>[\/vc_column_text][\/vc_column][\/vc_row][vc_row iron_row_type=&#8221;in_container&#8221; iron_remove_padding_medium=&#8221;&#8221; iron_remove_padding_small=&#8221;&#8221; iron_overlay_pattern=&#8221;&#8221; iron_parallax=&#8221;&#8221; iron_bg_video=&#8221;&#8221;][\/vc_row]<\/p>\n<\/div>","protected":false},"excerpt":{"rendered":"<p>[vc_row iron_row_type=&#8221;in_container&#8221; iron_remove_padding_medium=&#8221;&#8221; iron_remove_padding_small=&#8221;&#8221; iron_overlay_pattern=&#8221;&#8221; iron_parallax=&#8221;&#8221; iron_bg_video=&#8221;&#8221;][vc_column][vc_single_image image=&#8221;2991&#8243; img_size=&#8221;1144&#215;400&#8243; alignment=&#8221;center&#8221;][\/vc_column][\/vc_row][vc_row iron_row_type=&#8221;in_container&#8221; iron_remove_padding_medium=&#8221;&#8221; iron_remove_padding_small=&#8221;&#8221; iron_overlay_pattern=&#8221;&#8221; iron_parallax=&#8221;&#8221; iron_bg_video=&#8221;&#8221; css=&#8221;.vc_custom_1414093583822{padding-bottom: 10px !important;}&#8221;][vc_column][vc_column_text] Buchen [&hellip;]<\/p>\n","protected":false},"author":1,"featured_media":0,"parent":0,"menu_order":9,"comment_status":"open","ping_status":"open","template":"","meta":{"_acf_changed":false,"footnotes":""},"class_list":["post-2261","page","type-page","status-publish","hentry"],"acf":[],"_links":{"self":[{"href":"https:\/\/www.jasmingundermann.de\/index.php\/wp-json\/wp\/v2\/pages\/2261","targetHints":{"allow":["GET"]}}],"collection":[{"href":"https:\/\/www.jasmingundermann.de\/index.php\/wp-json\/wp\/v2\/pages"}],"about":[{"href":"https:\/\/www.jasmingundermann.de\/index.php\/wp-json\/wp\/v2\/types\/page"}],"author":[{"embeddable":true,"href":"https:\/\/www.jasmingundermann.de\/index.php\/wp-json\/wp\/v2\/users\/1"}],"replies":[{"embeddable":true,"href":"https:\/\/www.jasmingundermann.de\/index.php\/wp-json\/wp\/v2\/comments?post=2261"}],"version-history":[{"count":29,"href":"https:\/\/www.jasmingundermann.de\/index.php\/wp-json\/wp\/v2\/pages\/2261\/revisions"}],"predecessor-version":[{"id":2992,"href":"https:\/\/www.jasmingundermann.de\/index.php\/wp-json\/wp\/v2\/pages\/2261\/revisions\/2992"}],"wp:attachment":[{"href":"https:\/\/www.jasmingundermann.de\/index.php\/wp-json\/wp\/v2\/media?parent=2261"}],"curies":[{"name":"wp","href":"https:\/\/api.w.org\/{rel}","templated":true}]}}